at is -125 + -4298?
-4412
In base 15, what is 5 - 3bbc?
-3bb7
In base 12, what is -63a - -55?
-5a5
In base 16, what is 4 + -6d4?
-6d0
In base 15, what is 3be9 - 7?
3be2
In base 5, what is -1202 + 420?
-232
In base 10, what is 9666 + 47?
9713
In base 13, what is -3761 - -43?
-371b
In base 12, what is 48 + 946?
992
In base 4, what is 21232 - 1030?
20202
In base 4, what is 1 + 2030?
2031
In base 13, what is 41430 - -4?
41434
In base 12, what is -5 - -14b54?
14b4b
In base 7, what is 46 + 123363?
123442
In base 5, what is 2 + -320010?
-320003
In base 2, what is 111000010110 + 0?
111000010110
In base 14, what is 40 + -217?
-1b7
In base 5, what is -3 - -4222001?
4221443
In base 6, what is -1244 - -3104?
1420
In base 9, what is 2 - -7683?
7685
In base 16, what is 14dc1 + 4?
14dc5
In base 4, what is 100020120 - -2?
100020122
In base 12, what is -2a9 - -53?
-256
In base 4, what is -3223013 - 11?
-3223030
In base 16, what is 162b2 - f?
162a3
In base 6, what is -22420 - -13?
-22403
In base 9, what is 51 + 6768?
6830
In base 13, what is -65 + 1c6?
161
In base 2, what is -10100010110100 - -11?
-10100010110001
In base 3, what is -1121001 - -22?
-1120202
In base 5, what is -241 - -1341?
1100
In base 14, what is 77 - 56db?
-5664
In base 3, what is 11 - -120211222?
120212010
In base 2, what is -111111 + 1101010100100?
1101001100101
In base 9, what is 545 + -2305?
-1650
In base 16, what is -59a0 + 1?
-599f
In base 6, what is -4225401 - -3?
-4225354
In base 11, what is -3 + 41035?
41032
In base 10, what is -284856 + 8?
-284848
In base 11, what is 4446 - -79?
4514
In base 6, what is -110505005 - 2?
-110505011
In base 4, what is -31320 + 3022?
-22232
In base 13, what is 1 + 2666?
2667
In base 11, what is -406 - -802?
3a7
In base 3, what is 10021 - -21020001?
21100022
In base 4, what is -30332333 + 113?
-30332220
In base 6, what is -234 - -45215?
44541
In base 3, what is 110212 - 101012?
2200
In base 3, what is -202010201 + 1020?
-202002111
In base 8, what is 10233 - -2?
10235
In base 12, what is 1196 + -50?
1146
In base 5, what is -12442110 - -4?
-12442101
In base 6, what is 2143 - 43?
2100
In base 11, what is -2 - 224?
-226
In base 5, what is 11102333 + 2?
11102340
In base 12, what is -32927 - 2?
-32929
In base 9, what is 651 + 0?
651
In base 2, what is 100 - 111100010000?
-111100001100
In base 7, what is -5 - 5263324?
-5263332
In base 13, what is 164398 + 0?
164398
In base 4, what is 202332223 + -10?
202332213
In base 14, what is 8c + -5a?
32
In base 7, what is 526 - 3602?
-3043
In base 10, what is -918143 + -3?
-918146
In base 9, what is -36270 - 375?
-36655
In base 13, what is 48 + -2333?
-22b8
In base 6, what is 415231 + -231?
415000
In base 4, what is -2 + -1321102?
-1321110
In base 15, what is 3695 - 2a?
366a
In base 4, what is 10211331 + 3?
10212000
In base 6, what is 2 + 1430031?
1430033
In base 3, what is 22 - -1000021121?
1000021220
In base 15, what is 5 - 3ae63?
-3ae5d
In base 5, what is -1334320 - -10?
-1334310
In base 16, what is -43 - -b2c?
ae9
In base 3, what is 2 - -102102211010?
102102211012
In base 14, what is 2 + -18a2?
-18a0
In base 12, what is -857 + -90?
-927
In base 13, what is 51 - -1429?
147a
In base 4, what is -32120 + 11?
-32103
In base 15, what is -72bc - -2?
-72ba
In base 6, what is -3 + -203540?
-203543
In base 4, what is -100100 + 113?
-33321
In base 6, what is -10453253 - 5?
-10453302
In base 5, what is 14424342 - 0?
14424342
In base 15, what is 50 + d94?
de4
In base 6, what is -4 + -500352?
-500400
In base 6, what is 322 + 45501?
50223
In base 2, what is -101001011001 + 101000111000?
-100001
In base 15, what is -64d + -13c?
-78a
In base 15, what is b4cab - 0?
b4cab
In base 7, what is 0 - 1050?
-1050
In base 10, what is 1 - 5979?
-5978
In base 5, what is 12012 - -4?
12021
In base 12, what is -276 + 359?
a3
In base 10, what is 7 - 26291?
-26284
In base 12, what is -2566b54 - -1?
-2566b53
In base 3, what is 121012 + 12101?
210120
In base 14, what is -3 + 1a6?
1a3
In base 11, what is 29982 - -12?
29994
In base 11, what is -259579 - 1?
-25957a
In base 15, what is 5 - -5a40?
5a45
In base 14, what is 1b1 - -95?
266
In base 4, what is 10 + 3111111011?
3111111021
In base 11, what is a8 - -911a?
9217
In base 16, what is -4 + -de8e0?
-de8e4
In base 2, what is 11 + -1100001101110111?
-1100001101110100
In base 12, what is -20 - -1855?
1835
In base 10, what is 4197318 + 5?
4197323
In base 4, what is 22000000111 - 11?
22000000100
In base 13, what is 2130 + 4c?
217c
In base 16, what is -1 + 20bcd?
20bcc
In base 4, what is -2003003 - 3?
-2003012
In base 9, what is 560453 + -4?
560448
In base 14, what is c + 1d9d?
1dab
In base 12, what is b2483 + 6?
b2489
In base 7, what is 550 - 463?
54
In base 7, what is 114 + -16542?
-16425
In base 11, what is 4 + -556a5?
-556a1
In base 2, what is 1010001100111011000 + 11?
1010001100111011011
In base 9, what is 0 + 254478?
254478
In base 9, what is -343 - -147?
-185
In base 2, what is -10011000011 - -11010101?
-1111101110
In base 12, what is 19b0 + 81?
1a71
In base 9, what is -54 - -38070?
38015
In base 4, what is -103022220 - 20?
-103022300
In base 14, what is -6 + 2cc83?
2cc7b
In base 6, what is -453034 + 41?
-452553
In base 4, what is -1300 + 22301?
21001
In base 16, what is -4bc7 - 0?
-4bc7
In base 12, what is -251 - -15?
-238
In base 6, what is 4002 + 124?
4130
In base 6, what is -3 - -1044020?
1044013
In base 2, what is -110011010110000100 + -10011?
-110011010110010111
In base 6, what is 4105512 - -12?
4105524
In base 8, what is 3537 - 5?
3532
In base 2, what is 10001111 - -10011100100?
10101110011
In base 13, what is -a + -4258b?
-42598
In base 9, what is -5534214 - -5?
-5534208
In base 12, what is 7322 - -26?
7348
In base 15, what is -202 - -9e?
-153
In base 15, what is -83 - -374?
2e1
In base 6, what is 0 + -2331252?
-2331252
In base 14, what is -8 + 2041c?
20414
In base 10, what is 213121 - 1?
213120
In base 2, what is 1 - 1100010100011001?
-1100010100011000
In base 2, what is -1110101001001011 + -101?
-1110101001010000
In base 8, what is -632 + -312?
-1144
In base 9, what is -2 + 460270?
460267
In base 3, what is 10 - 11102112101?
-11102112021
In base 4, what is -1022320 + 1111?
-1021203
In base 3, what is 12 + 1001212001100?
1001212001112
In base 8, what is -13040 - 152?
-13212
In base 8, what is 5676 + -1?
5675
In base 2, what is 101001 + 11010010110?
11010111111
In base 16, what is 46a - 9?
461
In base 7, what is -104 + -1041?
-1145
In base 10, what is 0 + 305?
305
In base 2, what is -110011011100111 - -11?
-110011011100100
In base 16, what is 6 + -4f22?
-4f1c
In base 9, what is 21528 - -73?
21612
In base 5, what is -11223302 + -4?
-11223311
In base 3, what is -1221 + 222100110?
222021112
In base 7, what is -3 - 12522400?
-12522403
In base 8, what is 15501 + -4?
15475
In base 7, what is -32235 - 0?
-32235
In base 13, what is 439391 + -5?
439389
In base 16, what is 3d20 + -17?
3d09
In base 11, what is 0 + a0201?
a0201
In base 11, what is -66 - 14?
-7a
In base 14, what is 6 + -2a69?
-2a63
In base 2, what is -1010011001101101101 + 10?
-1010011001101101011
In base 5, what is 10334104 - 3?
10334101
In base 10, what is 64 + -5847?
-5783
In base 15, what is -26 + -3609?
-3630
In base 2, what is -100010110011111000 + 100?
-100010110011110100
In base 5, what is 13142140 - -1?
13142141
In base 11, what is -150 - -655?
505
In base 15, what is 3 - -5624?
5627
In base 11, what is 208825 + 4?
208829
In base 4, what is -130022 + -10003?
-200031
In base 11, what is a093 + 5?
a098
In base 12, what is -1b43 - -4b8?
-1647
In base 16, what is -1e - 31?
-4f
In base 11, what is -825 + 67?
-769
In base 5, what is 410 + -231104?
-230144
In base 9, what is 65 + -30284?
-30218
In base 11, what is -24 + 355?
331
In base 4, what is -11 - 10030200203?
-10030200220
In base 13, what is -118739 - -2?
-118737
In base 9, what is -13085 - -104?
-12881
In base 14, what is -2 + -32cc?
-32d0
In base 3, what is 1002002 - 10010212?
-2001210
In base 8, what is 5731 - -24?
5755
In base 2, what is -10100111 - 1101011100?
-10000000011
In base 12, what is -2 + 4b380?
4b37a
In base 13, what is -18 + -269?
-284
In base 3, what is 2 - -21001220110?
21001220112
In base 12, what is 65a2 - 3?
659b
In base 12, what is 3 - -16b6?
16b9
In base 13,